{"id":82,"date":"2020-05-29T22:46:51","date_gmt":"2020-05-29T20:46:51","guid":{"rendered":"http:\/\/www.eigen-production.de\/?page_id=82"},"modified":"2023-11-15T17:18:26","modified_gmt":"2023-11-15T16:18:26","slug":"videoclips","status":"publish","type":"page","link":"https:\/\/www.eigen-production.de\/index.php\/videoclips\/","title":{"rendered":"Videoclips"},"content":{"rendered":"\n<p>Bewegte Bilder aufzunehmen ist f\u00fcr mich eine andere Herausforderung, als zu fotografieren. W\u00e4hrend ich beim Foto dem Betrachter ganz genau diesen einen Moment, den ich ausgew\u00e4hlt habe, zeigen kann, muss ich beim Filmen darauf achten, dass die gesamte Szene f\u00fcr den Betrachter interessant erscheint und ihn nicht bald langweilt. Bild kombiniert mit Bewegung und Ton in Einklang zu bringen macht mir Spa\u00df. <\/p>\n\n\n\n<p>Im Allt\u00e4glichen aber auch in besonderen Zeiten, wie im Urlaub nutze ich die M\u00f6glichkeit, Filmaufnahmen zu machen, die ich dann zu Filmen oder kurzen Videoclips zusammen schneide.<\/p>\n\n\n\n<p>Auf meinem YouTube-Kanal ver\u00f6ffentliche ich hin und wieder kurze Clips, die ich mit Freunden, Bekannten oder aber gerne auch anderen, mir nicht bekannten und doch interessierten Menschen teilen m\u00f6chte.<\/p>\n\n\n\n<p>Wie auch bei der Fotografie habe ich bei meinen Videoclips nicht den Anspruch DES PERFEKTEN VIDEOCLIPS mit DER PERFEKTEN KAMERAF\u00dcHRUNG oder der PERFEKTEN FARBBEARBEITUNG den TOLLSTEN EFFEKTEN mit dem BESTEN SOUND. Wichtig ist mir der SPASS an der Aufnahme und der Verarbeitung und DEN ZUSCHAUERN ETWAS FREUDE zu bereiten.<\/p>\n\n\n\n<p><a rel=\"noreferrer noopener\" href=\"https:\/\/www.youtube.com\/channel\/UC9Ho2-2oxqSTzUCTxjfx--g\/featured\" target=\"_blank\">Hier geht es direkt zu meinem YouTube-Kanal<\/a><\/p>\n\n\n\n<figure class=\"wp-block-image size-large\"><img loading=\"lazy\" decoding=\"async\" width=\"384\" height=\"132\" src=\"http:\/\/www.eigen-production.de\/wp-content\/uploads\/2020\/09\/YouTube-Kanal.jpg\" alt=\"\" class=\"wp-image-242\" srcset=\"https:\/\/www.eigen-production.de\/wp-content\/uploads\/2020\/09\/YouTube-Kanal.jpg 384w, https:\/\/www.eigen-production.de\/wp-content\/uploads\/2020\/09\/YouTube-Kanal-300x103.jpg 300w, https:\/\/www.eigen-production.de\/wp-content\/uploads\/2020\/09\/YouTube-Kanal-233x80.jpg 233w\" sizes=\"auto, (max-width: 384px) 100vw, 384px\" \/><figcaption class=\"wp-element-caption\">HINWEIS: Mit diesem Link \u00f6ffnet sich ein neues Browser-Fenster zu meinem Kanal in YouTube. In YouTube gelten eigene Datenschutzrichtlinien.<\/figcaption><\/figure>\n\n\n\n<p><\/p>\n\n\n\n<p>Von unserer <strong>Namibia-Reise im Jahr 2019<\/strong> habe ich zahlreiche kurze Clips ver\u00f6ffentlicht.<br><a href=\"http:\/\/www.eigen-production.de\/index.php\/namibia\/\">Mehr Infos zu den Clips und zu unserer Reise hier.<\/a><\/p>\n\n\n\n<p>Nicht nur Naturaufnahmen, auch Sportaufnahmen machen mir Spass. Daf\u00fcr braucht es nat\u00fcrlich auch weitere Mitwirkende, denn alleine schaffe ich das nicht. Eine Produktion ist bereits &#8222;on Air&#8220;. Mountain-Bike-Aufnahmen vom Krugeichen-Trail bei Gronau. Ein Blick darauf lohnt sich.<\/p>\n\n\n\n<figure class=\"wp-block-embed is-type-video is-provider-youtube wp-block-embed-youtube wp-embed-aspect-16-9 wp-has-aspect-ratio\"><div class=\"wp-block-embed__wrapper\">\n<iframe loading=\"lazy\" title=\"Trailvideo vom Krugeichentrail bei Oberstenfeld\" width=\"1200\" height=\"675\" src=\"https:\/\/www.youtube.com\/embed\/LrcztQ6kBlo?feature=oembed\" frameborder=\"0\" allow=\"accelerometer; autoplay; clipboard-write; encrypted-media; gyroscope; picture-in-picture\" allowfullscreen><\/iframe>\n<\/div><\/figure>\n","protected":false},"excerpt":{"rendered":"<p>Bewegte Bilder aufzunehmen ist f\u00fcr mich eine andere Herausforderung, als zu fotografieren. W\u00e4hrend ich beim Foto dem Betrachter ganz genau diesen einen Moment, den ich ausgew\u00e4hlt habe, zeigen kann, muss ich beim Filmen darauf achten, dass die gesamte Szene f\u00fcr den Betrachter interessant erscheint und ihn nicht bald langweilt. Bild [&hellip;]<\/p>\n","protected":false},"author":1,"featured_media":0,"parent":0,"menu_order":0,"comment_status":"closed","ping_status":"closed","template":"","meta":{"footnotes":""},"class_list":["post-82","page","type-page","status-publish","hentry"],"_links":{"self":[{"href":"https:\/\/www.eigen-production.de\/index.php\/wp-json\/wp\/v2\/pages\/82","targetHints":{"allow":["GET"]}}],"collection":[{"href":"https:\/\/www.eigen-production.de\/index.php\/wp-json\/wp\/v2\/pages"}],"about":[{"href":"https:\/\/www.eigen-production.de\/index.php\/wp-json\/wp\/v2\/types\/page"}],"author":[{"embeddable":true,"href":"https:\/\/www.eigen-production.de\/index.php\/wp-json\/wp\/v2\/users\/1"}],"replies":[{"embeddable":true,"href":"https:\/\/www.eigen-production.de\/index.php\/wp-json\/wp\/v2\/comments?post=82"}],"version-history":[{"count":16,"href":"https:\/\/www.eigen-production.de\/index.php\/wp-json\/wp\/v2\/pages\/82\/revisions"}],"predecessor-version":[{"id":494,"href":"https:\/\/www.eigen-production.de\/index.php\/wp-json\/wp\/v2\/pages\/82\/revisions\/494"}],"wp:attachment":[{"href":"https:\/\/www.eigen-production.de\/index.php\/wp-json\/wp\/v2\/media?parent=82"}],"curies":[{"name":"wp","href":"https:\/\/api.w.org\/{rel}","templated":true}]}}