{"id":76,"date":"2020-05-29T22:42:03","date_gmt":"2020-05-29T20:42:03","guid":{"rendered":"http:\/\/www.eigen-production.de\/?page_id=76"},"modified":"2026-04-12T14:33:42","modified_gmt":"2026-04-12T12:33:42","slug":"fotografie","status":"publish","type":"page","link":"https:\/\/www.eigen-production.de\/index.php\/fotografie\/","title":{"rendered":"Fotografie"},"content":{"rendered":"\n<p class=\"has-medium-font-size\"><em>&#8222;Sch\u00f6nheit liegt bekanntlich immer im Auge des Betrachters.&#8220;<\/em><\/p>\n\n\n\n<p>Und so verh\u00e4lt es sich meiner Meinung nach auch mit Fotos. Was dem einen gef\u00e4llt sagt dem anderen ganz und gar nicht zu.<\/p>\n\n\n\n<p>F\u00fcr den einen muss es DAS PERFEKTE FOTO sein, f\u00fcr den anderen reicht schon ein vielleicht eher UNSCHARFER SCHNAPPSCHUSS, mit dem er Freude und eine lange Erinnerung an einen sch\u00f6nen Moment beh\u00e4lt.<\/p>\n\n\n\n<p>Wichtig ist f\u00fcr mich die Freude an der Aufnahme, ohne dar\u00fcber zu vergessen, zun\u00e4chst den Moment mit den eigenen Augen im eigenen Ged\u00e4chtnis abzuspeichern, bevor der Blick durch den Sucher oder das Display den Moment festh\u00e4lt.<\/p>\n\n\n\n<p><a href=\"https:\/\/www.eigen-production.de\/index.php\/france-2026\/\" data-type=\"page\" data-id=\"539\">France 2026 &#8211; Impressionen<\/a> <\/p>\n\n\n\n<figure class=\"wp-block-image size-large\"><img loading=\"lazy\" decoding=\"async\" width=\"1024\" height=\"658\" src=\"https:\/\/www.eigen-production.de\/wp-content\/uploads\/2026\/04\/VII03612-1024x658.jpg\" alt=\"\" class=\"wp-image-540\" srcset=\"https:\/\/www.eigen-production.de\/wp-content\/uploads\/2026\/04\/VII03612-1024x658.jpg 1024w, https:\/\/www.eigen-production.de\/wp-content\/uploads\/2026\/04\/VII03612-300x193.jpg 300w, https:\/\/www.eigen-production.de\/wp-content\/uploads\/2026\/04\/VII03612-768x494.jpg 768w, https:\/\/www.eigen-production.de\/wp-content\/uploads\/2026\/04\/VII03612-124x80.jpg 124w, https:\/\/www.eigen-production.de\/wp-content\/uploads\/2026\/04\/VII03612.jpg 1478w\" sizes=\"auto, (max-width: 1024px) 100vw, 1024px\" \/><\/figure>\n\n\n\n<p><\/p>\n\n\n\n<p><a href=\"http:\/\/www.eigen-production.de\/index.php\/fellnasen\/\" data-type=\"URL\" data-id=\"http:\/\/www.eigen-production.de\/index.php\/fellnasen\/\">Wer Fellnasen mag ist  in dieser Gallerie genau richtig.<\/a><\/p>\n\n\n\n<figure class=\"wp-block-image size-large is-resized\"><a href=\"http:\/\/www.eigen-production.de\/index.php\/fellnasen\/\"><img loading=\"lazy\" decoding=\"async\" width=\"1024\" height=\"1024\" src=\"http:\/\/www.eigen-production.de\/wp-content\/uploads\/2020\/05\/laesstMich-1024x1024.jpg\" alt=\"\" class=\"wp-image-144\" srcset=\"https:\/\/www.eigen-production.de\/wp-content\/uploads\/2020\/05\/laesstMich-1024x1024.jpg 1024w, https:\/\/www.eigen-production.de\/wp-content\/uploads\/2020\/05\/laesstMich-300x300.jpg 300w, https:\/\/www.eigen-production.de\/wp-content\/uploads\/2020\/05\/laesstMich-150x150.jpg 150w, https:\/\/www.eigen-production.de\/wp-content\/uploads\/2020\/05\/laesstMich-768x768.jpg 768w, https:\/\/www.eigen-production.de\/wp-content\/uploads\/2020\/05\/laesstMich-1536x1536.jpg 1536w, https:\/\/www.eigen-production.de\/wp-content\/uploads\/2020\/05\/laesstMich-2048x2048.jpg 2048w, https:\/\/www.eigen-production.de\/wp-content\/uploads\/2020\/05\/laesstMich-80x80.jpg 80w\" sizes=\"auto, (max-width: 1024px) 100vw, 1024px\" \/><\/a><\/figure>\n\n\n\n<p><\/p>\n\n\n\n<p><a href=\"http:\/\/www.eigen-production.de\/index.php\/fotografie\/ein-maennlein-steht-im-walde\/\" data-type=\"URL\" data-id=\"http:\/\/www.eigen-production.de\/index.php\/fotografie\/ein-maennlein-steht-im-walde\/\">Ein M\u00e4nnlein steht im Walde&#8230; &#8211; Ein Projekt, bei dem ich eine kleine Unterst\u00fctzung hatte.<\/a><\/p>\n\n\n\n<figure class=\"wp-block-image size-large is-resized is-style-default\"><a href=\"http:\/\/www.eigen-production.de\/index.php\/fotografie\/ein-maennlein-steht-im-walde\/\"><img loading=\"lazy\" decoding=\"async\" width=\"1024\" height=\"683\" src=\"http:\/\/www.eigen-production.de\/wp-content\/uploads\/2021\/01\/20201114-A7R07156-1024x683.jpg\" alt=\"\" class=\"wp-image-306\" srcset=\"https:\/\/www.eigen-production.de\/wp-content\/uploads\/2021\/01\/20201114-A7R07156-1024x683.jpg 1024w, https:\/\/www.eigen-production.de\/wp-content\/uploads\/2021\/01\/20201114-A7R07156-300x200.jpg 300w, https:\/\/www.eigen-production.de\/wp-content\/uploads\/2021\/01\/20201114-A7R07156-768x512.jpg 768w, https:\/\/www.eigen-production.de\/wp-content\/uploads\/2021\/01\/20201114-A7R07156-1536x1025.jpg 1536w, https:\/\/www.eigen-production.de\/wp-content\/uploads\/2021\/01\/20201114-A7R07156-120x80.jpg 120w, https:\/\/www.eigen-production.de\/wp-content\/uploads\/2021\/01\/20201114-A7R07156.jpg 2000w\" sizes=\"auto, (max-width: 1024px) 100vw, 1024px\" \/><\/a><\/figure>\n\n\n\n<p><\/p>\n","protected":false},"excerpt":{"rendered":"<p>&#8222;Sch\u00f6nheit liegt bekanntlich immer im Auge des Betrachters.&#8220; Und so verh\u00e4lt es sich meiner Meinung nach auch mit Fotos. Was dem einen gef\u00e4llt sagt dem anderen ganz und gar nicht zu. F\u00fcr den einen muss es DAS PERFEKTE FOTO sein, f\u00fcr den anderen reicht schon ein vielleicht eher UNSCHARFER SCHNAPPSCHUSS, [&hellip;]<\/p>\n","protected":false},"author":1,"featured_media":0,"parent":0,"menu_order":0,"comment_status":"closed","ping_status":"closed","template":"","meta":{"footnotes":""},"class_list":["post-76","page","type-page","status-publish","hentry"],"_links":{"self":[{"href":"https:\/\/www.eigen-production.de\/index.php\/wp-json\/wp\/v2\/pages\/76","targetHints":{"allow":["GET"]}}],"collection":[{"href":"https:\/\/www.eigen-production.de\/index.php\/wp-json\/wp\/v2\/pages"}],"about":[{"href":"https:\/\/www.eigen-production.de\/index.php\/wp-json\/wp\/v2\/types\/page"}],"author":[{"embeddable":true,"href":"https:\/\/www.eigen-production.de\/index.php\/wp-json\/wp\/v2\/users\/1"}],"replies":[{"embeddable":true,"href":"https:\/\/www.eigen-production.de\/index.php\/wp-json\/wp\/v2\/comments?post=76"}],"version-history":[{"count":19,"href":"https:\/\/www.eigen-production.de\/index.php\/wp-json\/wp\/v2\/pages\/76\/revisions"}],"predecessor-version":[{"id":547,"href":"https:\/\/www.eigen-production.de\/index.php\/wp-json\/wp\/v2\/pages\/76\/revisions\/547"}],"wp:attachment":[{"href":"https:\/\/www.eigen-production.de\/index.php\/wp-json\/wp\/v2\/media?parent=76"}],"curies":[{"name":"wp","href":"https:\/\/api.w.org\/{rel}","templated":true}]}}

<p class="has-medium-font-size"><em>&#8222;Schönheit liegt bekanntlich immer im Auge des Betrachters.&#8220;</em></p>



<p>Und so verhält es sich meiner Meinung nach auch mit Fotos. Was dem einen gefällt sagt dem anderen ganz und gar nicht zu.</p>



<p>Für den einen muss es DAS PERFEKTE FOTO sein, für den anderen reicht schon ein vielleicht eher UNSCHARFER SCHNAPPSCHUSS, mit dem er Freude und eine lange Erinnerung an einen schönen Moment behält.</p>



<p>Wichtig ist für mich die Freude an der Aufnahme, ohne darüber zu vergessen, zunächst den Moment mit den eigenen Augen im eigenen Gedächtnis abzuspeichern, bevor der Blick durch den Sucher oder das Display den Moment festhält.</p>



<p><a href="https://www.eigen-production.de/index.php/france-2026/" data-type="page" data-id="539">France 2026 &#8211; Impressionen</a> </p>



<figure class="wp-block-image size-large"><img loading="lazy" decoding="async" width="1024" height="658" src="https://www.eigen-production.de/wp-content/uploads/2026/04/VII03612-1024x658.jpg" alt="" class="wp-image-540" srcset="https://www.eigen-production.de/wp-content/uploads/2026/04/VII03612-1024x658.jpg 1024w, https://www.eigen-production.de/wp-content/uploads/2026/04/VII03612-300x193.jpg 300w, https://www.eigen-production.de/wp-content/uploads/2026/04/VII03612-768x494.jpg 768w, https://www.eigen-production.de/wp-content/uploads/2026/04/VII03612-124x80.jpg 124w, https://www.eigen-production.de/wp-content/uploads/2026/04/VII03612.jpg 1478w" sizes="auto, (max-width: 1024px) 100vw, 1024px" /></figure>



<p></p>



<p><a href="http://www.eigen-production.de/index.php/fellnasen/" data-type="URL" data-id="http://www.eigen-production.de/index.php/fellnasen/">Wer Fellnasen mag ist  in dieser Gallerie genau richtig.</a></p>



<figure class="wp-block-image size-large is-resized"><a href="http://www.eigen-production.de/index.php/fellnasen/"><img loading="lazy" decoding="async" width="1024" height="1024" src="http://www.eigen-production.de/wp-content/uploads/2020/05/laesstMich-1024x1024.jpg" alt="" class="wp-image-144" srcset="https://www.eigen-production.de/wp-content/uploads/2020/05/laesstMich-1024x1024.jpg 1024w, https://www.eigen-production.de/wp-content/uploads/2020/05/laesstMich-300x300.jpg 300w, https://www.eigen-production.de/wp-content/uploads/2020/05/laesstMich-150x150.jpg 150w, https://www.eigen-production.de/wp-content/uploads/2020/05/laesstMich-768x768.jpg 768w, https://www.eigen-production.de/wp-content/uploads/2020/05/laesstMich-1536x1536.jpg 1536w, https://www.eigen-production.de/wp-content/uploads/2020/05/laesstMich-2048x2048.jpg 2048w, https://www.eigen-production.de/wp-content/uploads/2020/05/laesstMich-80x80.jpg 80w" sizes="auto, (max-width: 1024px) 100vw, 1024px" /></a></figure>



<p></p>



<p><a href="http://www.eigen-production.de/index.php/fotografie/ein-maennlein-steht-im-walde/" data-type="URL" data-id="http://www.eigen-production.de/index.php/fotografie/ein-maennlein-steht-im-walde/">Ein Männlein steht im Walde&#8230; &#8211; Ein Projekt, bei dem ich eine kleine Unterstützung hatte.</a></p>



<figure class="wp-block-image size-large is-resized is-style-default"><a href="http://www.eigen-production.de/index.php/fotografie/ein-maennlein-steht-im-walde/"><img loading="lazy" decoding="async" width="1024" height="683" src="http://www.eigen-production.de/wp-content/uploads/2021/01/20201114-A7R07156-1024x683.jpg" alt="" class="wp-image-306" srcset="https://www.eigen-production.de/wp-content/uploads/2021/01/20201114-A7R07156-1024x683.jpg 1024w, https://www.eigen-production.de/wp-content/uploads/2021/01/20201114-A7R07156-300x200.jpg 300w, https://www.eigen-production.de/wp-content/uploads/2021/01/20201114-A7R07156-768x512.jpg 768w, https://www.eigen-production.de/wp-content/uploads/2021/01/20201114-A7R07156-1536x1025.jpg 1536w, https://www.eigen-production.de/wp-content/uploads/2021/01/20201114-A7R07156-120x80.jpg 120w, https://www.eigen-production.de/wp-content/uploads/2021/01/20201114-A7R07156.jpg 2000w" sizes="auto, (max-width: 1024px) 100vw, 1024px" /></a></figure>



<p></p>

<p>&#8222;Schönheit liegt bekanntlich immer im Auge des Betrachters.&#8220; Und so verhält es sich meiner Meinung nach auch mit Fotos. Was dem einen gefällt sagt dem anderen ganz und gar nicht zu. Für den einen muss es DAS PERFEKTE FOTO sein, für den anderen reicht schon ein vielleicht eher UNSCHARFER SCHNAPPSCHUSS, [&hellip;]</p>
